?
3, 13
Suppose 10 = 4*d + d - 5*l, 0 = -4*l + 12. Suppose -d*z = -4*h - 1785, 0 = -z - 0*z + 4*h + 373. What are the prime factors of z?
353
List the prime factors of (-15724 + 1)*(-90)/135.
2, 3, 1747
Let x = -21 + 28. Suppose 11*s = x*s + 204. Suppose -s = -2*w - w. List the prime factors of w.
17
Suppose 2*a - 2991632 + 88842 = -53*a. List the prime factors of a.
2, 11, 2399
Suppose 4*p = -0*c - 5*c + 28, 5*p = 3*c - 2. Suppose 64 = -8*f + c*f. List the prime factors of ((-44)/f - (-3 + 4))*76.
7, 19
Let q = 33 + -29. Let t(w) = 45*w + 19. Let v(g) = -g + 1. Let i(f) = t(f) + 2*v(f). What are the prime factors of i(q)?
193
Let z be (-21)/(-18)*(-1 + 3)*3. Let o(g) = g**3 - 5*g**2 - 9*g + 23. List the prime factors of o(z).
2, 29
Let s(t) = t**2 - 7*t - 424. List the prime factors of s(-65).
2, 7, 19
Suppose 0 = 22*b - 396273 - 243267. What are the prime factors of b?
2, 3, 5, 17, 19
Let o(n) = 4*n**2 - 26*n - 1. Let i be o(-19). Suppose 4*s = 1187 + i. What are the prime factors of s?
11, 71
Let s be (-1)/(-4) + (-43928)/(-32). Suppose -2*q = -5*a + 1699, 4*a + 2*q - s = -q. Suppose 2575 = 12*u - a. List the prime factors of u.
3
Let g be ((-16)/(-10) + 2)/((-12)/40). Let w be 3 - 6/(g/118). Suppose 0 = -t + w. List the prime factors of t.
2, 31
Let s(d) = 6*d**2 - 68*d + 1125. What are the prime factors of s(20)?
5, 433
Let c be 3 + (-91)/(-10 - -3). Suppose c*q - 1518 = 5*q. What are the prime factors of q?
2, 3, 23
Let y(f) = 30*f**3 - 12*f - 1. Let x be y(-3). Let u = 405 - x. List the prime factors of u.
2, 5, 59
List the prime factors of (-6)/(-10) + ((-800734)/(-110) - -22).
2, 3, 1217
Suppose 15*h - 2768 - 3097 = 0. Let o = 600 - h. What are the prime factors of o?
11, 19
Suppose 4*u + 5*y - 12 = 0, 0 = 5*u - 5*y - 24 - 36. Suppose -545 = u*b - 145. Let z = b - -75. What are the prime factors of z?
5
Let g(d) = d + 3. Let v be g(5). Let l be (-6)/4*v/(-12). List the prime factors of 1 + l + (1 - -45).
2, 3
Let y(z) = z**2 + 9*z - 2. Let x be 20/(-35)*28/(-8). Suppose -2*s = 5*n - n - 12, -x*n = -3*s + 34. What are the prime factors of y(s)?
2, 47
Suppose 5*w + 203 = 4*w. Let j = -63 - w. Suppose -5*k + j = 4*o, 4*k - 9 = 3*o + 72. What are the prime factors of k?
2, 3
Let h(a) = a**3 + 3*a**2 - 14*a - 2. Let l be h(-8). Let c be -5*((-2)/(-12) - (-959)/l). List the prime factors of (-4)/c + (-7152)/(-132).
2, 3
Let a(w) = -207*w + 170*w - 25 - 16 + 2*w**2. List the prime factors of a(20).
19
Suppose -f + 5 = 0, 4*f - 880 = 5*v - 0*f. Suppose -5 = q, -5*q - 14 = -3*a - 85. List the prime factors of 3/(8/a - 49/v).
2, 43
Let d = -15466 - -45142. What are the prime factors of d?
2, 3, 2473
Let d(q) = q + 7. Let z be d(-4). Suppose -z*v + r + 2392 = 0, 4*v + 976 = -2*r + 4162. List the prime factors of v.
797
Suppose 6*v - 7*v = -6*v + 16010. What are the prime factors of v?
2, 1601
Let p(l) = -l + 10. Let b be p(4). Let j(d) = 17*d + 13. List the prime factors of j(b).
5, 23
Let c(o) = -244*o - 1674. List the prime factors of c(-80).
2, 8923
Suppose 46 = 4*r + 26. Suppose -u = -2*u - 5*k - 23, 0 = r*u + 5*k + 15. Suppose -3*j = 2*b - 175, -2*b + u*j = -0*b - 190. What are the prime factors of b?
2, 23
Let m(g) = 3*g + 2. Let x be m(-8). Suppose 1786*t - 1774*t = 288. List the prime factors of (0 + x)/(-1*6/t).
2, 11
Suppose 5*y = s - 1680, -5*s = 32*y - 27*y - 8280. What are the prime factors of s?
2, 5, 83
Suppose 110*s - 99*s = 12573. List the prime factors of s.
3, 127
Suppose 0 = -4*i + 3*m + 584, -139 = 10*i - 11*i - m. Suppose -i*p + 134*p + 855 = 0. List the prime factors of p.
5, 19
Suppose 0 = -3*n + 2*m + 6262, 0*n + 4*n = 3*m + 8350. Let z = -1398 + n. What are the prime factors of z?
2, 43
Suppose -104*y + 95*y + 5916900 = 321*y. List the prime factors of y.
2, 5, 11, 163
Suppose 2*g - 202 = 506. Suppose 94*d - 90 = 192. Suppose 3*b = d*r - g, -224 = -r - r - b. List the prime factors of r.
2, 3, 19
Let x be (335/5 - 1) + (-6)/2. Suppose -67*g + x*g + 884 = 0. What are the prime factors of g?
13, 17
Suppose -2*x - 5 = -11. Suppose 2*l - 167 = -x*s + 3*l, 2*s - 3*l - 102 = 0. Let p = s - 46. What are the prime factors of p?
11
Let c = 40 - 46. Let t be 5/(-1 - c) + 490. Suppose 5*g - 139 - t = 0. List the prime factors of g.
2, 3, 7
Let h = 2760 - -6974. List the prime factors of h.
2, 31, 157
Suppose -9*z + 9937 = 613. Let x = z - 693. What are the prime factors of x?
7
Let v(k) = -6*k + 5. Let a be v(-1). Suppose 0 = -2*j - a + 27. List the prime factors of (-2865)/(-12) + (26/j - 3).
239
Let h(q) = -93*q - 52. Let o be h(4). Let u = o + 428. What are the prime factors of u?
2
Let p(x) = -22*x**3 + x**2 - 63*x - 28. List the prime factors of p(-12).
2, 4861
Let m(v) = -2*v**3 - 47*v**2 + 88*v + 65. List the prime factors of m(-29).
2, 19, 89
Suppose 2*d + 2*u - 292 = 0, 3*d - 439 = -2*u - 2*u. Let k = d + -214. Let z = -57 - k. List the prime factors of z.
2, 3
Suppose 3*t = r - 662, 3*t + 312 = -2*r - 344. Let v = -139 - t. What are the prime factors of v?
3
List the prime factors of ((946020/75)/(-2))/(6/(-15)).
15767
Let o = -3120 - -5454. What are the prime factors of o?
2, 3, 389
Suppose -15044*w = -15046*w + 15754. What are the prime factors of w?
7877
Let u be 7/(-7)*(1 + -1). Suppose -z + u = b + 7, -2*b = -z + 17. List the prime factors of (-1426)/b + (-17)/68.
2, 89
Suppose -6*m - 5 = -m. Let c(k) = k**2 + 4*k + 3. Let d be c(m). Suppose -10*x + 509 + 251 = d. List the prime factors of x.
2, 19
Suppose 12*x - 9*x = -5*o + 36711, 4*o + 24 = 0. What are the prime factors of x?
37, 331
Let w = 583 + -588. List the prime factors of (-43)/129 + w/(15/(-2602)).
3, 17
Let d(f) = -592*f**3 + f. Let v be d(-1). Let x = 1632 - v. What are the prime factors of x?
3, 347
Let t be ((-3)/(-2)*2/3)/(-1). Let o be (-2 + -3)*1*t. Suppose 5*v = -5, -147 = -o*c + 2*v + 15. What are the prime factors of c?
2
Let a(o) = -9151*o + 59. List the prime factors of a(-1).
2, 3, 5, 307
Let z(d) = d**3 - 10*d**2 - 11*d + 16. Let h be z(11). Let x(p) = -p + 43. Let j be x(h). Let g = 108 + j. What are the prime factors of g?
3, 5
Let h(v) = 40*v - 86*v + 20 - 57. What are the prime factors of h(-8)?
331
Suppose -3*n + 1 = -4*o - 13, 0 = 4*o + 8. Let s be (-1 + n - -2) + 9/(-1). What are the prime factors of ((-404)/(-8))/((-15)/s - 2)?
101
List the prime factors of (-19)/((23139/(-5787) + 4)/(-1)).
19, 643
Let c(b) = -b**3 + 21*b**2 + 58*b + 25. Let n be c(24). Let o = n + 559. What are the prime factors of o?
2, 31
Let y be ((-1)/3)/(1/(-12)). Suppose 0 - 4 = y*h + 4*q, 0 = -5*h - q + 11. Suppose 4*s - 497 = 3*p - 134, -s - h*p + 72 = 0. List the prime factors of s.
3, 29
Suppose -237*a = -239*a - 4*p + 29632, p + 5 = 0. What are the prime factors of a?
2, 3, 7, 353
Let r be -480 + (1 - -11 - 5). Let i = -124 - r. List the prime factors of i.
349
Let m(a) = -478*a + 411. List the prime factors of m(-1).
7, 127
Let v be (-25 + 1)*38/(-152). What are the prime factors of 913/2 + (-1)/((-12)/v)?
457
What are the prime factors of -60*((-16856)/(-10))/(-14)?
2, 3, 7, 43
What are the prime factors of ((-2)/6)/(68/(-3924144))?
2, 3, 7, 229
Let q(c) = c**2 + 7*c - 30. Let j be q(-12). Let f(k) = k**3 - 31*k**2 + 41*k + 29. What are the prime factors of f(j)?
359
List the prime factors of 1981*((-36)/48)/(1/(-12)).
3, 7, 283
Suppose 0 = 5*d - 5*n - 16325, -4*d - 3*n - 3269 = -5*d. Suppose 28*s - 24*s = 5*r + d, 0 = -r + 5. List the prime factors of s.
2, 3, 137
Let h(c) be the third derivative of c**4/24 - c**3/6 + 8*c**2. Let w be h(4). Suppose -4*k + 248 = k - 3*g, -101 = -2*k + w*g. What are the prime factors of k?
7
Let d(n) = -2*n**2 + 31*n + 15. Let z be d(16). List the prime factors of -1 + (3 - (z + 5)) - -600.
2, 13, 23
Let n be (-4)/8*-4 + 148. Let l be -4*(-2 + (-5)/(-2)). Let o = l + n. What are the prime factors of o?
2, 37
Let v(j) = j**3 - 4 + 11*j**2 - 43*j + 1 + 7*j**2 + 15*j**2 - 17*j**2. List the prime factors of v(8).
29, 41
Suppose -6*i + 4*i = -252. Suppose -805 = -i*j + 119*j. List the prime factors of j.
5, 23
Let c(k) = 79*k + 50. Let q(o) = -78*o - 47. Let f(l) = -3*c(l) - 4*q(l). List the prime factors of f(8).
2, 11, 29
Let c = -19970 + 31101. What are the prime factors of c?
11131
List the prime factors of 9 + (6187